. What is the highest common divisor of f and 27?
27
Let v be (7 + -4)*(-102)/(-6). What is the greatest common divisor of v and 221?
17
Suppose -k - 17 - 12 = 0. Let g = -9 - k. What is the greatest common factor of 60 and g?
20
Let j = -112 + 132. Calculate the highest common divisor of 190 and j.
10
Let i(q) = -3*q + 367. Let j be i(-27). Calculate the greatest common divisor of j and 56.
56
Let t(p) = p**3 - 13*p**2 - 26*p + 20. Let d be t(17). Let w = -452 + d. Suppose -5*x = -158 - w. What is the greatest common divisor of x and 22?
22
Let s(r) = 4*r - 26. Let g be s(7). Let i(x) = x**3 - 7*x**2 + 7*x - 1. Let w be i(6). Calculate the greatest common factor of g and w.
1
Let x(b) = b**2 - 7*b + 3. Let f be x(7). Suppose f*q + 20 - 110 = 0. Suppose 0*a = 3*a - q. Calculate the highest common factor of a and 25.
5
Suppose -3*u + 5*g + 15 + 29 = 0, -5*u = 3*g - 28. Calculate the highest common factor of u and 44.
4
Let w be (6/(-18))/(2/(-18)). Let b be 555/21 - w/7. What is the highest common divisor of b and 13?
13
Let j be 1/(-1) - (3 - (-28)/(-4)). Suppose 9*o - j*o - 162 = 0. What is the greatest common factor of 3 and o?
3
Suppose -4*t - v = -25 - 13, v = -2*t + 18. Let s = t + 10. Calculate the greatest common divisor of s and 80.
20
Let q(v) = v**2 + 6*v + 7. Let f be q(-6). Let r(k) = k**3 - 7*k**2 - k + 4. Let p be r(f). Let u = 42 - p. What is the highest common divisor of 9 and u?
9
Let v = -81 - -90. Let u = -52 + 205. What is the highest common divisor of u and v?
9
Suppose 7*o - 70 + 28 = 0. Suppose -p - x + 5*x = -82, -4 = x. What is the greatest common divisor of p and o?
6
Suppose 0 = -3*j - 30 + 201. Suppose 0 = u, -2*n - 3*u - 63 - j = 0. Let p be (-13)/(-1 - n/64). Calculate the highest common factor of p and 26.
26
Suppose 5*p = 3*l + 1794, 714 - 2 = 2*p - 4*l. Suppose -14*x - p = -23*x. Suppose 5*k - 11 = 69. What is the highest common divisor of x and k?
8
Let l be 11/(-2 + (-54)/(-26)). Suppose -5*o = 126 + 264. Let h be ((-28)/(-42))/(2*(-2)/o). Calculate the greatest common factor of l and h.
13
Let f be (0 + -2)*2/2. Let s be 1 + -1 + 1 - f. Suppose -z = s*z - 44. Calculate the greatest common factor of z and 77.
11
Suppose -298 = -8*n - 42. Calculate the greatest common divisor of n and 352.
32
Let p(a) = 2*a**3 + 26*a**2 - 4*a - 10. Let k be p(-13). Calculate the highest common divisor of 84 and k.
42
Let b(s) = -31*s - 8. Let l(f) = -f**3 - 16*f**2 + 36*f - 2. Let t be l(-18). Let i be b(t). Calculate the greatest common divisor of 12 and i.
6
Let j be ((-24)/(-5)*-4)/((-2)/10). What is the highest common factor of 12 and j?
12
Suppose w = 6 - 3. Suppose -2*t = -w*t + 6. Suppose -3*n + 196 = -3*l + 2*l, 3*n + l = 200. What is the greatest common divisor of t and n?
6
Let g be 6 + -4 + 2 - 4 - -8. Suppose 9*c = g*c + 140. Calculate the greatest common divisor of 7 and c.
7
Let d(w) = -3*w**2 - 6 + 2*w**3 - w + 4*w**2 + 6*w - 2*w. Let p be d(2). What is the greatest common divisor of 70 and p?
10
Suppose -3*v = -5*l - 223, -50*v + 48*v - 4*l = -112. What is the greatest common divisor of v and 108?
6
Let i be (-11)/(198/(-12)) + 110/6. Let r(f) = -f**3 + 19*f**2 + 4. Let j be r(i). What is the greatest common factor of 64 and j?
4
Let h(w) be the third derivative of -w**6/120 - w**5/10 + 5*w**4/24 + 7*w**3/3 - w**2. Let n be h(-7). What is the greatest common divisor of 7 and n?
7
Let m = 698 - 623. What is the greatest common factor of m and 200?
25
Let p = 17 + -12. Let r = p + 3. Let i = 3 + 5. What is the greatest common divisor of r and i?
8
Let x(r) = 4*r - 35. Let i be x(9). Let p(c) = 8*c - 1. Let d be p(1). Suppose -4*u + i = -d. Calculate the highest common factor of u and 18.
2
Suppose 2*h - 150 = -h + 3*p, -h = -4*p - 65. Calculate the highest common divisor of h and 495.
45
Suppose 14*o - 13*o = -2*s + 62, 0 = o - s - 50. What is the highest common factor of 72 and o?
18
Suppose 3*i + 12 = -4*u, -4*i = -9*i + 20. Let m be (-4)/u*39 + 1. Let f(g) = 31*g - 695. Let n be f(23). What is the greatest common divisor of n and m?
9
Let t(p) = 4*p - 6. Let j be t(6). Let g be -1*(-146 + (-4 - (-8)/2)). Suppose 4*h - g = 34. What is the greatest common divisor of j and h?
9
Let s = -436 - -740. Calculate the greatest common factor of 16 and s.
16
Suppose -10 = -21*m + 20*m. Suppose -2*w = -4*w + 64. Let j = -17 + w. Calculate the greatest common divisor of m and j.
5
Suppose i - 1368 = -35*i. Let k(s) = 13*s**2 - 9*s + 4. Let g be k(6). What is the highest common factor of i and g?
38
Let n = 30 + -13. Suppose 8 + 17 = -5*z. Let s = z + n. What is the highest common factor of 12 and s?
12
Suppose -4*d = -5*n - 193, 0 = -2*d + 4*n + 43 + 49. Calculate the greatest common divisor of 78 and d.
26
Let j be -4 + (0 - (-16 + 3)). Suppose 7*l + 8 = 3*l, 4*l = 4*g - 40. Suppose -3*r + 259 = 4*q, -g + 0 = -2*q. Calculate the highest common divisor of r and j.
9
Let r(i) = -i**2 - i - 1. Let u(w) = w**2 - 4*w - 7. Let a(h) = -3*r(h) + u(h). Let p be a(2). What is the greatest common divisor of 80 and p?
10
Let i(a) = 34*a**2 + 8*a + 23. Let y be i(-6). Calculate the greatest common factor of 22 and y.
11
Suppose -12*i + 2*i = 70. Let r(f) = -f**2 - 4*f + 33. Let q be r(i). What is the greatest common divisor of q and 96?
12
Let g(s) = s**3 + 12*s**2 + 16*s + 9. Let k be g(-10). Calculate the greatest common divisor of 70 and k.
7
Let r(p) = 8*p**2 - p - 6. Let t(z) = 7*z**2 - 5. Let d(o) = -5*r(o) + 6*t(o). Let j be d(-9). Calculate the highest common divisor of j and 13.
13
Let x = 2979 - 2930. Let h(t) = -3*t - 7. Let c be h(-7). Calculate the greatest common divisor of c and x.
7
Suppose -10 = -j - 8. Let v be ((-14)/4 - -4)*j. What is the highest common factor of 9 and v?
1
Let x be (0 - 4)*(-74)/4. Suppose 73*m + 96 = x*m. Calculate the greatest common divisor of 8 and m.
8
Let s(l) = -7*l - 36. Let u be s(-6). Calculate the greatest common divisor of 78 and u.
6
Suppose 0*h + 2*h - 16 = 0. Suppose 3*y - 4*r - 8 = 5*y, 0 = -y + 4*r + h. Suppose 4*w - 400 - 176 = y. What is the greatest common divisor of 18 and w?
18
Suppose -40*l + 42*l = 24. Let g be 3 - ((-16 - 0) + l/4). Calculate the greatest common divisor of 24 and g.
8
Suppose 5*z + 61 = 2*a + 2*a, a - 14 = z. Suppose 0 = o - 2, -3*o + 2 = -p + a. What is the highest common factor of 26 and p?
13
Suppose -o - 10*o = -4180. What is the greatest common factor of 152 and o?
76
Let c(s) = -21*s + 70. Let a be c(3). Calculate the greatest common divisor of a and 28.
7
Let m(g) = -9*g**3 - 3*g**2 - 3*g - 1. Suppose -5*i = -2*i + 2*n + 14, 4*i + 16 = -2*n. Let f be m(i). What is the highest common divisor of 13 and f?
13
Let r = 432 + -245. Suppose 5*w - r = 3*u, -4*w + 3*w - 2*u + 27 = 0. Calculate the highest common divisor of 315 and w.
35
Suppose 4*v - 154 - 434 = 0. Suppose 4*l + 2*x - 249 - v = 0, -5*x = 0. Calculate the greatest common factor of 9 and l.
9
Let u = 63 + -45. Let y = u - -102. What is the highest common factor of 24 and y?
24
Let p = -198 - -230. Calculate the highest common factor of 160 and p.
32
Let u = -226 - -233. Let k(v) = 35*v**2 + v + 1. Let s be k(-1). Suppose q = -4*q + s. Calculate the greatest common divisor of q and u.
7
Let c be (-11 + (9 - 4))/(-3). Let p be (-9)/9 + (c + -7)*-3. What is the highest common factor of p and 70?
14
Let h be (0 - 3)/((-3)/4). Suppose h = -p + 7. Suppose 0 = -4*y - 3*f + 351, p*y + 3*f + 99 = 4*y. Calculate the greatest common divisor of y and 10.
10
Let r = -905 - -923. Calculate the greatest common divisor of 288 and r.
18
Let d = -874 - -901. What is the highest common divisor of 369 and d?
9
Let w be 60*(-4 + (-1)/2 - -5). What is the greatest common divisor of 50 and w?
10
Suppose -153*c - 2 = -154*c, -2*n + 2*c = -50. Calculate the greatest common factor of 432 and n.
27
Suppose 0*h - 2 = -h, v + 4*h - 11 = 0. Calculate the highest common divisor of 87 and v.
3
Let m(o) = o**2 - 10*o + 9. Let i be m(9). Suppose i = -u + 2*u - 3. Let x be 1548/20 + u/5. What is the greatest common divisor of x and 26?
26
Suppose 2*g - 3*g = 5*v - 4, 5*g + 64 = 3*v. Let y(x) = x**3 + 11*x**2 - 2*x - 7. Let d be y(g). Calculate the highest common divisor of d and 195.
15
Let m = -351 - -474. What is the gre